e
Is 30 a factor of 532967786?
False
Does 79 divide 119878971?
False
Does 256 divide 1333504?
True
Is 1088 a factor of 7729152?
True
Is 73399289 a multiple of 144?
False
Is 6 a factor of 71477300?
False
Does 18 divide 535984182?
True
Does 90 divide 1940831017?
False
Is 11 a factor of 1606426558?
True
Does 3658 divide 332493067?
False
Is 619 a factor of 821393192?
True
Is 1420 a factor of 197061920?
True
Does 184 divide 1491755816?
False
Does 1451 divide 1632456256?
True
Does 82 divide 108493626?
True
Is 382656542 a multiple of 1556?
False
Is 10443732 a multiple of 17?
False
Is 11 a factor of 734665789?
True
Does 26 divide 47697988?
True
Is 1448 a factor of 24504303?
False
Is 23313185 a multiple of 1581?
False
Is 86 a factor of 695164918?
True
Is 1491 a factor of 736196160?
True
Is 1719 a factor of 1090523286?
True
Does 360 divide 9991080?
True
Is 35641494 a multiple of 18?
True
Is 719727158 a multiple of 178?
True
Is 158139172 a multiple of 44?
False
Is 54 a factor of 82673654?
False
Is 8 a factor of 20795248?
True
Is 242 a factor of 56847978?
True
Is 73042007 a multiple of 4?
False
Does 13295 divide 1665305110?
True
Is 42 a factor of 29793078?
True
Does 89 divide 46993246?
True
Is 602088060 a multiple of 1794?
False
Is 18141841 even?
False
Is 5 a factor of 159749834?
False
Is 1210332622 a multiple of 617?
False
Does 47 divide 292430099?
True
Does 12 divide 9942864?
True
Is 25 a factor of 16881125?
True
Does 109 divide 8654491?
True
Does 1390 divide 20253781?
False
Does 523 divide 52037146?
False
Does 75 divide 5262525?
True
Does 57 divide 18651483?
True
Does 19 divide 1304498409?
True
Is 21752115 a multiple of 407?
True
Does 1967 divide 919787037?
False
Is 16 a factor of 57763952?
True
Does 338 divide 43912284?
True
Does 336 divide 127034485?
False
Does 30 divide 35022210?
True
Is 4578888 a multiple of 2?
True
Is 352108838 a multiple of 1012?
False
Is 11 a factor of 343982474?
True
Is 79993607 even?
False
Is 14372617 a multiple of 25?
False
Is 14 a factor of 508693431?
False
Is 270 a factor of 5410237590?
True
Does 119 divide 126208046?
False
Is 61 a factor of 64883687?
True
Does 1929 divide 380742162?
True
Is 416206542 a multiple of 14?
False
Is 369341943 even?
False
Does 20 divide 103841660?
True
Is 13822794 a multiple of 1293?
False
Does 195 divide 2904397?
False
Is 28860545 a multiple of 50?
False
Does 74 divide 8868752?
True
Is 18009283 a multiple of 90?
False
Is 176 a factor of 1518426908?
False
Is 26131500 a multiple of 150?
True
Does 306 divide 34962763?
False
Is 19451131 a multiple of 61?
True
Is 562 a factor of 2543048?
False
Is 41794544 a multiple of 1266?
False
Is 14923106 a multiple of 5551?
False
Does 25 divide 87619919?
False
Does 21 divide 185348268?
True
Does 287 divide 427286748?
True
Does 36 divide 342503781?
False
Does 72 divide 211419764?
False
Is 6322932 a multiple of 48?
False
Does 32 divide 55454577?
False
Is 71202813 a multiple of 118?
False
Is 234 a factor of 6394015?
False
Does 1769 divide 26911523?
False
Does 198 divide 8119584?
True
Is 17991174 a multiple of 331?
True
Is 4362 a factor of 42350658?
True
Does 187 divide 5450144?
False
Is 247390488 a multiple of 3748?
True
Does 32 divide 202879744?
True
Is 25395135 a multiple of 11?
False
Does 306 divide 69064612?
False
Is 1105593279 a multiple of 7?
True
Does 1293 divide 23405870?
False
Does 80 divide 115262880?
True
Is 593779340 a multiple of 77?
True
Is 223856990 a multiple of 24?
False
Is 630490470 a multiple of 937?
False
Is 1510 a factor of 43991229?
False
Is 1599737685 a multiple of 195?
True
Does 86 divide 60860534?
False
Is 77034000 a multiple of 925?
True
Is 8960838 a multiple of 3?
True
Does 19 divide 4161684?
True
Is 62 a factor of 1640940608?
True
Is 7 a factor of 35495180?
True
Does 272 divide 4380016?
True
Is 21227901 a multiple of 1520?
False
Is 72156065 a multiple of 204?
False
Is 143153080 a multiple of 7?
True
Is 22716943 a multiple of 304?
False
Is 3264 a factor of 1840393344?
True
Is 39 a factor of 97784813?
False
Is 1375301836 a multiple of 3634?
True
Is 206925125 a multiple of 451?
False
Does 998 divide 224995787?
False
Does 103 divide 113840863?
False
Does 284 divide 18478968?
False
Does 9 divide 96032789?
False
Does 775 divide 25214625?
True
Is 2574 a factor of 255737196?
True
Is 36 a factor of 87269877?
False
Is 713 a factor of 700033?
False
Is 167202120 a multiple of 24?
True
Is 18721610 a multiple of 87?
False
Does 54 divide 768776508?
True
Is 4 a factor of 538526884?
True
Does 355 divide 25272159?
False
Is 344199051 a multiple of 27?
True
Does 428 divide 318514?
False
Is 2 a factor of 2871183?
False
Is 1099 a factor of 4993806?
False
Is 7 a factor of 141407217?
True
Does 136 divide 70354961?
False
Is 31021828 a multiple of 31?
False
Is 87620854 a multiple of 6567?
False
Is 7 a factor of 2775122?
True
Is 1739 a factor of 1225353708?
False
Does 56 divide 132936270?
False
Is 6342491 a multiple of 41?
False
Is 49 a factor of 207880834?
True
Is 26908938 a multiple of 441?
True
Does 1016 divide 575213480?
True
Is 3387 a factor of 415574739?
True
Is 1323799693 a multiple of 337?
True
Is 1682233264 a multiple of 16?
True
Does 24 divide 14763960?
True
Is 265 a factor of 674205996?
False
Does 192 divide 453190080?
True
Does 164 divide 1452743816?
True
Does 15 divide 26800643?
False
Is 22 a factor of 2568717?
False
Is 7050903 a multiple of 391?
True
Is 1428853418 a multiple of 132?
False
Is 193395104 a multiple of 2336?
True
Is 47 a factor of 622383776?
True
Is 2230756431 a multiple of 65?
False
Does 148 divide 24068429?
False
Is 5700706897 a multiple of 16297?
True
Is 26772399 a multiple of 17?
True
Is 141131802 a multiple of 681?
True
Is 3126 a factor of 498288130?
False
Is 119 a factor of 1256100?
False
Is 11569392 a multiple of 16?
True
Is 106 a factor of 856472?
False
Is 7 a factor of 2344398?
True
Is 24364536 a multiple of 24?
True
Is 21499542 a multiple of 543?
True
Is 272 a factor of 95144240?
True
Is 32142485 a multiple of 17?
False
Is 171 a factor of 317012482?
False
Is 81368664 a multiple of 6?
True
Is 229190931 a multiple of 27?
True
Does 32 divide 7970556992?
True
Is 260636333 a multiple of 1342?
False
Is 1593233972 a multiple of 177?
False
Is 21 a factor of 3544798082?
False
Is 3144195990 a multiple of 338?
True
Is 41135938 a multiple of 141?
False
Is 86 a factor of 31070977?
False
Is 1050 a factor of 48985972?
False
Is 1727 a factor of 10092588?
True
Is 22 a factor of 135966578?
True
Is 75 a factor of 3296192?
False
Is 33854805 a multiple of 235?
True
Is 22785208 a multiple of 201?
False
Is 51 a factor of 2679223647?
True
Is 5507750 a multiple of 250?
True
Is 127430074 a multiple of 4009?
True
Is 16 a factor of 260915648?
True
Is 22421702 a multiple of 2499?
False
Is 79 a factor of 309403026?
True
Does 668 divide 7292850?
False
Is 11 a factor of 2791360?
True
Is 189 a factor of 38962169?
False
Is 1699 a factor of 95606128?
True
Does 22 divide 1098349516?
True
Does 793 divide 302712683?
True
Is 7 a factor of 11258338?
True
Is 52211821 a multiple of 6?
False
Is 882 a factor of 96256317?
False
Is 156 a factor of 47160516?
True
Is 3665 a factor of 15447975?
True
Is 895184026 a multiple of 4499?
True
Is 107366074 a multiple of 38?
True
Is 13159938 a multiple of 66?
True
Does 4 divide 16194631?
False
Is 3887546 a multiple of 606?
False
Is 254543916 a multiple of 3102?
True
Is 98845629 a multiple of 34?
False
Is 175 a factor of 77592589?
False
Does 198 divide 2217024777?
False
Does 1760 divide 204303572?
False
Is 126 a factor of 386903?
False
Is 317323359 a multiple of 747?
True
Does 26 divide 104647280?
False
Is 188 a factor of 4822576?
True
Does 381 divide 57862470?
True
Does 14 divide 199844835?
False
Does 5128 divide 960459016?
True
Is 71 a factor of 297606369?
True
Is 134 a factor of 42834161?
False
Is 256 a factor of 6130824192?
True
Is 308242097 a multiple of 837?
False
Is 954746822 a multiple of 6658?
False
Is 3522 a factor of 131578398?
True
Does 81 divide 522809964?
True
Does 1342 divide 3860565295?
False
Is 9989550 a multiple of 56?
False
Does 1376 divide 36645632?
True
Is 632968050 a multiple of 858?
True
Is 1251787965 a multiple of 833?
False
Is 27694278 a multiple of 184?
False
Is 11247033 a multiple of 107?
False
Is 220 a